he highest common factor of 56 and q.
7
Let i be 19/2 - 2/(-4). Let q(t) = -3*t - 3. Let s be q(-2). Let d = i - s. Calculate the greatest common divisor of d and 7.
7
Let k = 86 + -14. Let h(m) = -m**2 + 10*m - 17. Let l be h(5). What is the highest common factor of l and k?
8
Suppose -243 = -5*a + 157. Suppose 3*b - a = 25. Suppose -4*j + 105 = -b. Calculate the highest common factor of 7 and j.
7
Let r(d) = 3*d + 0*d**3 + d - d**3 + d**2. Let j be r(-3). Suppose 4*s - 16*f - 28 = -15*f, 8 = -2*f. Calculate the greatest common divisor of s and j.
6
Let w(m) = 6*m + 1 - 2*m + m**2 + 4*m - m. Let a be w(7). Suppose 3*h - 6 - 9 = 0, 4*h = -2*s + 38. Calculate the greatest common divisor of a and s.
9
Let m(g) = g**3 - g + 6. Let s be (-1 - 1/(-2))*0. Let w be m(s). Let k be 2/w - (-11)/3. Calculate the greatest common factor of 40 and k.
4
Suppose -5*m + 240 = 5*m. Calculate the highest common divisor of 6 and m.
6
Let j(w) = -w**3 + w**2 + 3*w - 3. Let d be j(3). Let y(o) = o**3 + 11*o**2 - 14*o - 16. Let x be y(d). What is the greatest common divisor of 88 and x?
8
Suppose -k + 3*k - 7 = 5*f, -k - 3*f - 13 = 0. Let s = -2 - k. Suppose -b + 3*c = -2, -b - b = 4*c - 14. What is the highest common factor of s and b?
1
Let a(v) = 2*v**2 - v - 4. Let w be a(3). Suppose -o + w = -0*o. Calculate the highest common divisor of o and 1.
1
Let q(v) = -v. Let s be q(-7). Suppose -76 + 20 = -i. What is the greatest common factor of i and s?
7
Let c(i) = 2*i**2 - i - 6. Let t be c(-3). Suppose 4*w = w + 495. What is the highest common divisor of w and t?
15
Let d(u) = 3*u**2 - 6*u. Let k be d(4). Let q be 0/(-9)*1/(-2). Suppose -4*b + b + 36 = q. What is the highest common factor of k and b?
12
Suppose 5 = -3*k + 29. Calculate the greatest common divisor of 12 and k.
4
Let y be 3/7 + -3 + 6114/42. What is the highest common divisor of 13 and y?
13
Suppose -2*s - 243 = -5*x, 0*x - x + 5*s + 67 = 0. What is the highest common factor of 141 and x?
47
Suppose 4*n - 264 = n. Suppose 0 = -31*h + 69*h - 304. Calculate the highest common divisor of h and n.
8
Let x(k) = k**2 - 3*k - 3. Let j be x(-2). Calculate the greatest common divisor of 14 and j.
7
Let p(b) = 3*b**3 - 5*b**2 - b + 2. Let k be p(4). Calculate the highest common divisor of 22 and k.
22
Let y(q) = q**2 - 3*q - 2. Let p be y(5). Let o = 10 + -14. Let k be ((-6)/p - 2)*o. What is the greatest common divisor of 1 and k?
1
Let l = 21 + 3. What is the greatest common divisor of l and 36?
12
Let w(n) = -10*n**2 - n - 2. Let k(b) = 41*b**2 + 3*b + 9. Let t(f) = -2*k(f) - 9*w(f). Let o be t(-3). Calculate the highest common divisor of o and 7.
7
Let q(g) = 2*g - 8. Let a be q(7). Let x = a + 8. Calculate the highest common divisor of 112 and x.
14
Let r(k) = -k**3 + 13*k**2 + 17*k - 4. Let v be 1*(-4 - -5)*14. Let w be r(v). What is the highest common factor of 57 and w?
19
Let d be (1 - -6) + -1*2. Suppose -3*s - 43 = -2*l + 222, 0 = s + d. Let f be (-3)/(-9) + l/3. Calculate the greatest common divisor of 28 and f.
14
Suppose -56 - 42 = -r. What is the highest common divisor of r and 14?
14
Suppose 6 - 15 = -u. Calculate the highest common factor of 45 and u.
9
Suppose 5*l + 11 = -2*c + 56, -c + 2*l + 45 = 0. Calculate the greatest common divisor of c and 280.
35
Let j = -50 - -112. Suppose -4*a + 2 + j = 0. Let i(k) = -8*k + 74. Let b be i(9). Calculate the greatest common factor of b and a.
2
Let r(k) = -k. Let i be r(-5). Suppose -2*m - 27 = 2*u - i*u, 27 = 3*u - 3*m. Let w be 25/u - 12/(-54). Calculate the greatest common divisor of 2 and w.
1
Let g be -2 + (-7 - -7 - (-7 - 0)). Calculate the greatest common divisor of g and 2.
1
Let o be (-1)/(1 + (-20)/25) + 21. Let w be ((-2)/(-4))/((-3)/(-144)). Calculate the highest common divisor of w and o.
8
Let z(w) = -52*w**3 + 2*w + 1. Let p be -3 - -1 - 1/(-1). Let y be z(p). Calculate the highest common factor of 17 and y.
17
Suppose -2*v + 27 = 3*b, 35 - 7 = 3*v + 2*b. Calculate the highest common divisor of 15 and v.
3
Let o be 12/(1/(30/9)). Let n = -7 - -12. What is the highest common factor of n and o?
5
Suppose j - 2*u = 2*u + 30, 0 = 3*j - 5*u - 76. What is the greatest common divisor of 11 and j?
11
Let w be 1428/48 + 1/4. What is the greatest common factor of w and 6?
6
Suppose z = 2*p - 431, z = 2*p + p - 646. Calculate the greatest common factor of p and 43.
43
Let t(m) = 3*m**3 + 2*m**2 + 2*m. Let q be t(-2). Let x = 5 - q. Calculate the greatest common divisor of x and 5.
5
Suppose 3*y - 4*r + 22 = 5*y, -4*y = -5*r - 70. Let c be 0/2 + 60/6. What is the greatest common divisor of c and y?
5
Let y(h) = h**2 + h. Let l(z) = -z**3 - 3*z**2 - 4*z + 11. Let v(i) = l(i) + 3*y(i). Let x be v(0). What is the greatest common divisor of x and 33?
11
Let t = 11 + -12. Let s be (2 - t) + 174 + 7. Suppose 2*z - 52 = 2*i, 3*z = 4*i + 55 + 26. Calculate the highest common factor of z and s.
23
Let o = -243 + 343. What is the highest common divisor of o and 10?
10
Suppose -365 + 65 = -5*k. Calculate the highest common factor of 12 and k.
12
Suppose q = 2*x, 5*x = 3*q + 1 - 0. Let r be (3 - (q - -4)) + 135. Calculate the greatest common factor of r and 17.
17
Suppose 0 = 2*t + 20 - 102. Let i = t + -17. What is the highest common factor of 6 and i?
6
Suppose 2*v + 3*v = t + 1, -4 = v + 4*t. Suppose v*p + 30 = 3*p. What is the highest common factor of 90 and p?
10
Let o = -84 + 150. What is the highest common divisor of 165 and o?
33
Let c be -3*((-11)/3 + 3). Suppose 4*s = -c*h + 6*h - 752, -2*h + 372 = 2*s. What is the highest common factor of 17 and h?
17
Let i be (-1)/2*(-156)/(-3). Let n = 9 - i. Suppose -179 + n = -3*k. What is the highest common factor of 6 and k?
6
Let h be (-156)/(-7 - -3) - -3. What is the greatest common factor of 21 and h?
21
Let r = 78 - -26. Suppose -2*l = -17 - 9. What is the greatest common factor of r and l?
13
Suppose -6*r = -75 - 3. Let t(f) = 39 + 6*f**2 + 0*f - 5*f**2 + f. Let c be t(0). What is the highest common factor of r and c?
13
Let r = 48 - 47. What is the greatest common divisor of 3 and r?
1
Let j(t) be the second derivative of -t**5/5 - t**4/12 - t**3/6 - 4*t. Let l be j(-1). Calculate the greatest common divisor of 28 and l.
4
Let c be (18/(-4))/((-8)/176). What is the highest common divisor of c and 11?
11
Let k = 637 - 635. Suppose 21 = -2*j - i - 4*i, -24 = 3*j + 5*i. Let v be -1*(j - (1 - -1)). Calculate the highest common divisor of v and k.
1
Suppose -7*x + 2*x = -350. Calculate the highest common factor of 28 and x.
14
Let w be 3 + -6 - (-209 - 3). Calculate the highest common factor of w and 19.
19
Let s be 102 - 11/((-33)/18). Suppose -12 - 7 = -5*w + l, -2*l - 2 = 2*w. Suppose -w*u = -5*u + 24. What is the highest common factor of u and s?
12
Let w be 1/7 - (-41)/7. Let r(o) = -o - 2. Let d be r(-6). Suppose -d*b + b = -126. Calculate the greatest common factor of b and w.
6
Let t = 62 + -41. Calculate the greatest common factor of 3 and t.
3
Let f be ((-8)/(-2))/(1/40). What is the greatest common divisor of 20 and f?
20
Suppose -145*v = -140*v - 220. Calculate the highest common factor of v and 88.
44
Let n(h) = h**2 - 3*h + 2. Let u be n(4). Suppose -u*a + 200 = -2*a. Calculate the greatest common divisor of a and 10.
10
Suppose 0 = 4*j + 19 - 23. What is the highest common divisor of 2 and j?
1
Let z(k) = -242*k**3 + 2*k**2 + 2*k + 1. Let t be z(-1). Calculate the greatest common divisor of t and 27.
27
Let l be 7/2 - (-2)/(-4). Suppose -f + 5*b + 24 = -0*b, -2*b = -f + 24. What is the highest common factor of l and f?
3
Let b = 58 - 30. Suppose 7*l - 3*l = b. Calculate the greatest common divisor of 35 and l.
7
Suppose s = 2*s - 38. Suppose -5*r - s = -113. What is the greatest common factor of r and 30?
15
Let u = -5 - -10. Suppose 166 = 4*p - u*k, 2*p + 0*p + 4*k = 96. Let b be (-5 - -2) + 1 - -6. What is the highest common divisor of p and b?
4
Let i = 2 + 7. Let u = i - 6. Suppose 0 = u*f - 24 - 12. Calculate the highest common divisor of 108 and f.
12
Suppose 19*x = 1930 - 334. Let w(d) = 21*d**2 - d - 1. Let o be w(-1). What is the highest common divisor of x and o?
21
Suppose a - 2*a - 36 = 0. Let o = -8 - a. Suppose -3*f - 4 = -o. Calculate the highest common divisor of f and 24.